v(20).
-4
Let f(l) = -6*l - 105. What is f(-25)?
45
Let b(j) = -19*j**2 - 2*j + 19. What is b(2)?
-61
Let j(s) = 5*s**3 - 7*s**2 - 9*s - 4. What is j(-2)?
-54
Let d(b) = -6*b**3 - 4*b**2 + b + 8. What is d(-4)?
324
Let i(d) = d**2 - 64*d - 268. Calculate i(-4).
4
Let w(j) = -34*j + 189. Calculate w(3).
87
Let g(x) = -7*x**3 + 217*x**2 - 4*x + 95. What is g(31)?
-29
Let p(i) = i**2 + 15*i - 119. Determine p(19).
527
Let c(p) = p**2 - 30*p - 160. Calculate c(31).
-129
Let v(h) = -812*h + 1635. What is v(2)?
11
Let j(i) = -394*i + 2088. Give j(5).
118
Let k(b) = -247*b - 513. Give k(-2).
-19
Let l(u) = -u**2 - 79*u + 268. Give l(-82).
22
Let a(q) = -14*q + 7. Determine a(2).
-21
Let w(h) = h**3 + 11*h**2 - 8*h - 42. Determine w(-12).
-90
Let j(i) = -325*i + 12346. Calculate j(38).
-4
Let i(o) = -o**3 + 54*o**2 + 2*o - 79. What is i(54)?
29
Let x(w) = w**3 - 23*w**2 - 18*w - 220. Calculate x(24).
-76
Let h(c) = -c**3 - 10*c**2 + 50*c + 3. Determine h(4).
-21
Let k(t) = t**3 - 13*t**2 + 20*t - 102. Give k(12).
-6
Let w(t) = t**2 - 51*t + 26. Give w(52).
78
Let q(y) = -y**3 + 98*y**2 - 1823*y - 170. Give q(73).
-24
Let r(n) = -41*n - 2664. Calculate r(-65).
1
Let u(n) = 7*n - 132. What is u(-22)?
-286
Let q(r) = 223*r - 2215. Calculate q(10).
15
Let u(m) = 3*m**2 - 80*m - 395. What is u(31)?
8
Let n(q) = -3*q**2 - 16*q + 122. Give n(-8).
58
Let a(j) = j**3 - 44*j**2 - 245*j + 26. Determine a(49).
26
Let b(h) = -986*h + 11827. Determine b(12).
-5
Let b(f) = -f**3 - 4*f**2 + 891*f - 48. Give b(-32).
112
Let g(y) = -24*y - 83. What is g(11)?
-347
Let i(a) = -1925*a**2 + 15402*a - 10. Determine i(8).
6
Let p(m) = -6570*m + 59131. Determine p(9).
1
Let m(c) = 5*c + 192. Determine m(-57).
-93
Let x(w) = 3*w**3 + 9*w**2 + 13*w - 1. Calculate x(-4).
-101
Let s(t) = -t**3 + 70*t**2 + 1072*t + 269. Calculate s(83).
-312
Let d(r) = r**3 - 105*r**2 - 3*r + 293. Determine d(105).
-22
Let s(c) = -3522*c - 14071. Give s(-4).
17
Let t(q) = 5*q**2 - 88*q - 110. Give t(19).
23
Let d(g) = -44*g**2 + 392*g + 40. Give d(9).
4
Let o(f) = -23*f + 413. Determine o(-12).
689
Let z(d) = 13386*d - 13398. What is z(1)?
-12
Let o(w) = 3*w - 95. Determine o(24).
-23
Let b(i) = i**2 + 12*i + 16. What is b(20)?
656
Let g(n) = 15*n + 413. Calculate g(-30).
-37
Let v(b) = -b**3 - 6*b**2 + 88*b + 171. Calculate v(-11).
-192
Let o(u) = -2*u**3 + 20*u**2 - 25*u + 40. Calculate o(9).
-23
Let p(h) = -60*h + 8. What is p(-5)?
308
Let a(m) = m**3 + 12*m + 2. What is a(-5)?
-183
Let a(k) = -439*k**2 - 36*k - 35. Calculate a(-1).
-438
Let q(y) = 41*y**3 + 3*y**2 - 2*y + 1. Calculate q(1).
43
Let v(g) = 9*g + 318. Calculate v(-36).
-6
Let o(f) = -171*f + 1566. Determine o(9).
27
Let s(q) = -32*q + 2648. Determine s(83).
-8
Let u(k) = -2*k**3 - 9*k**2 - 3*k + 10. Calculate u(-4).
6
Let w(g) = -g**2 - 15*g + 89. Determine w(-19).
13
Let f(s) = s**3 - 7*s**2 - 82*s - 48. Determine f(-7).
-160
Let a(k) = -615*k - 14766. Give a(-24).
-6
Let i(d) = -102*d - 937. Calculate i(-8).
-121
Let w(n) = n**3 - 24*n**2 - 76*n - 433. What is w(28)?
575
Let g(w) = w**3 + 17*w**2 + 64*w - 1. Give g(-6).
11
Let d(m) = -657*m - 1931. Determine d(-3).
40
Let r(z) = -6*z**3 + 11*z**2 + 3*z - 1. Calculate r(2).
1
Let g(b) = -87*b + 5315. Determine g(61).
8
Let q(i) = i**3 + 39*i**2 + 115*i - 875. Calculate q(-35).
0
Let u(f) = -8*f**3 + 17*f**2 - 15*f - 2. Determine u(2).
-28
Let t(z) = 2*z**3 + 62*z**2 + z + 39. Give t(-31).
8
Let h(s) = -1828*s - 96883. Calculate h(-53).
1
Let j(u) = -9*u + 329. Determine j(28).
77
Let u(p) = 6*p**2 + 8*p - 22. Give u(6).
242
Let a(g) = 1174*g + 7130. Determine a(-6).
86
Let o(l) = -l**2 + 24*l - 109. Calculate o(18).
-1
Let m(z) = -7*z + 92. Give m(10).
22
Let z(t) = t**3 + 8*t**2 - 2*t - 27. Determine z(-9).
-90
Let f(s) = 2358*s - 9412. Determine f(4).
20
Let o(h) = 186*h + 7064. What is o(-38)?
-4
Let n(f) = 14*f**2 - 646*f + 95. Determine n(46).
3
Let i(h) = 51*h - 1705. Calculate i(34).
29
Let c(l) = -l**3 + 23*l**2 - 134*l + 343. What is c(16)?
-9
Let j(n) = -32*n - 821. Calculate j(-28).
75
Let d(r) = 5*r - 119. Determine d(18).
-29
Let h(x) = 2804*x - 61674. Determine h(22).
14
Let u(a) = -2*a**3 + 6*a**2 - 169*a + 320. What is u(2)?
-10
Let j(x) = -4582*x + 22950. Give j(5).
40
Let y(b) = -b**3 - 65*b**2 - 985*b - 39. Give y(-41).
2
Let q(p) = 7*p**2 - 31*p + 11. Determine q(4).
-1
Let v(a) = 89*a + 5257. Calculate v(-59).
6
Let t(p) = 8*p**3 - 105*p**2 + 20*p - 94. Calculate t(13).
-3
Let p(y) = 237*y - 12097. Calculate p(51).
-10
Let z(k) = k**3 - 9*k**2 + 10*k + 1. Give z(7).
-27
Let n(l) = -58*l - 237. What is n(-5)?
53
Let i(m) = 4*m**2 + 38*m + 26. What is i(-10)?
46
Let w(s) = 31*s + 303. Determine w(-7).
86
Let g(s) = -31*s + 198. Determine g(-15).
663
Let x(q) = -2*q**2 + 9*q + 38. Calculate x(-3).
-7
Let g(t) = -2*t**2 - 4*t + 21. Give g(3).
-9
Let k(l) = 55*l**2 + 148*l - 10. Give k(-5).
625
Let k(b) = -463*b - 1028. Determine k(-2).
-102
Let g(y) = -191*y - 4. Calculate g(-1).
187
Let n(c) = -37*c + 772. Determine n(21).
-5
Let h(m) = 60*m + 13. Calculate h(0).
13
Let w(s) = -s**3 + 217*s**2 - 247*s + 6710. Calculate w(216).
14
Let g(s) = -3*s**2 - 243*s + 1270. Calculate g(-86).
-20
Let t(g) = 314*g - 1267. Give t(4).
-11
Let r(p) = p**3 - 5*p**2 + 4*p. Determine r(3).
-6
Let a(v) = -33*v - 4019. Give a(-122).
7
Let x(n) = -n**3 + n**2 + 383*n - 46. Calculate x(20).
14
Let k(n) = 444*n + 2231. Calculate k(-5).
11
Let s(d) = -2*d**2 - d + 330. What is s(-27)?
-1101
Let v(g) = g**3 + 59*g**2 + 600*g - 27. Determine v(-13).
-53
Let o(g) = -221*g + 400. Calculate o(3).
-263
Let z(x) = 12*x**3 + 2427*x**2 + 602*x - 816. What is z(-202)?
-8
Let s(v) = -2*v**3 - 14*v**2 - 41*v - 81. Calculate s(-5).
24
Let h(d) = 27*d**3 + 8*d + 20. What is h(-2)?
-212
Let l(b) = -2*b**3 - 51*b**2 - 114*b + 4. What is l(-23)?
-19
Let a(x) = x**3 - 193*x**2 - 28911*x - 299. Give a(-99).
-2
Let v(j) = 184*j + 6285. What is v(-34)?
29
Let d(l) = -l**3 + 10*l**2 - 4*l + 69. Determine d(11).
-96
Let v(n) = -20*n**2 - 399*n - 19. Determine v(-20).
-39
Let z(m) = m**3 + 74*m**2 + 1. What is z(-74)?
1
Let y(c) = c**3 - 18*c**2 + 9. Calculate y(18).
9
Let u(a) = a**3 + 27*a**2 + 101*a + 33. Give u(-4).
-3
Let a(g) = -10*g**2 - 527*g + 1261. Calculate a(-55).
-4
Let v(l) = l**3 - 9*l**2 + 15*l - 14. Determine v(6).
-32
Let s(j) = -8728*j - 226936. Determine s(-26).
-8
Let f(h) = 148*h - 2506. Give f(16).
-138
Let o(d) = -4*d + 312. What is o(5)?
292
Let j(r) = 3*r**2 - 93. What is j(-5)?
-18
Let n(y) = 562*y - 2838. What is n(6)?
534
Let b(q) = 302*q - 1818. What is b(6)?
-6
Let s(c) = -250*c**2 - 17*c + 13. Determine s(1).
-254
Let t(f) = 33*f**2 - f + 4. Determine t(4).
528
Let t(r) = 2*r**2 - 10*r + 4. Calculate t(15).
304
Let d(g) = g**2 - 418*g - 831. What is d(-2)?
9
Let x(d) = -d**2 - 13*d - 50. Determine x(-11).
-28
Let w(d) = d**3 + 86*d**2 - 21*d - 1812. What is w(-86)?
-6
Let s(h) = 465*h - 7407. What is s(16)?
33
Let o(u) = 957*u - 5644. Give o(6).
98
Let p(n) = 7*n**2 + 116*n + 1119. Determine p(-10).
659
Let z(n) = -2*n**2 - 31*n + 1077. Give z(-32).
21
Let j(o) = -295*o**2 + 6198*o - 64. Determine j(21).
-1
Let w(j) = 27*j**3 - 18*j**2 - 18*j + 2. What is w(-1)?
-25
Let t(l) = -2*l**3 + 58*l**2 - 68*l + 328. Determine t(28).
-8
Let n(z) = -z**2 - 151*z - 3440. Give n(-28).
4
Let p(c) = c**3 + 10*c**2 - 60*c - 58. What is p(-14)?
-2
Let h(c) = 145*c + 2716. Determine h(-19).
-39
Let q(x) = x**2 + 4*x - 243. Determine q(12).
-51
Let d(a) = -24*a + 20. What is d(-1)?
44
Let w(s) = 2*s**2 + 413*s + 6259. Give w(-190).
-11
Let k(b) = -b**3 + 7*b**2 + 34*b + 104. Calculate k(11).
-6
Let q(y) = 17*y - 136. Give q(8).
0
Let h(y) = -y**3 + 39*y**2 - 145*y + 176. Determine h(35).
1
Let c(q) = q**2 + 25*q - 125. Give c(-26).
-99
Let j(r) = r**2 + 105*r - 1012. Give j(9).
14
Let t(q) = 142*q - 420. Determine t(5).
290
Let a(o) = o**2 - 30*o + 97. Give a(3).
16
Let i(w) = -3*w**2 - 77*w - 51. Give i(-28).
-247
Let h(n) = n**3 + 9*n**2 - 190*n - 1237. Determine h(-6).
11
Let u(p) = 6*p - 179. What is u(29)?
-5
Let j(z) = -5*z**2 + 8*z - 53. Calculate j(-6).
-281
Let l(s) = -2*s**2 + 109. Calculate l(-9).
-53
Let o(f) = 2*f**2 - 24*f - 43. What is o(13)?
-17
Let h(u) = 112*u + 67. What 